= 2*g - 4. Let z = -3 + 8. Let v be h(z). Suppose v*d = 3*d + 534. Is d a prime number?
False
Suppose 65005 = 4*m - x, 8*x - 32497 = -2*m + 3*x. Is m a composite number?
True
Suppose -3*q = -3*r - 1404, q + 2*r - 469 = 4*r. Suppose -440 - q = -g. Is g a prime number?
True
Let y be (7 + -14)*2*1. Let r = 19 + y. Suppose 5*u + 175 = 3*c, -2*c - r*u - 1 = -151. Is c a prime number?
False
Let n(s) = 2379*s**2 - 1. Let j be n(-1). Suppose 3*f - 5*z - j + 40 = 0, 2*z = -4*f + 3126. Suppose 0 = -4*i - k + f - 129, 3*k = -4*i + 652. Is i prime?
True
Suppose 8*m - 11803 = 33157. Is 6/(-14) - (6 + m/(-14)) a composite number?
True
Let l(k) = -11*k**3 - 3*k**2 - 27*k + 6. Is l(-5) composite?
True
Suppose 5*r - r - 24 = 0. Suppose c = r*c + f - 1889, 1139 = 3*c + 2*f. Is c a composite number?
True
Suppose 2*v - 3*s = -s + 164, 0 = -3*s + 9. Is (v + 4 - 0) + -4 a prime number?
False
Suppose 5*l = 3*l + 8. Let s(t) = t**2 - 10*t + 12. Let i be s(8). Is 3066/i*l/(-6) a prime number?
False
Suppose 0 = 10*g - 80304 - 45806. Is g a prime number?
True
Let c = -12 - -17. Let w = c + -1. Suppose 7*i - 2*i - 650 = 3*h, -w*i = 5*h - 483. Is i a composite number?
False
Let w(s) = 19*s**2 - 22*s + 95. Is w(42) composite?
False
Suppose f - 281 = 4*q + 550, -q = 5*f - 4197. Is f prime?
True
Let z(q) = 523*q - 26. Let n be z(17). Let h = n + -5168. Is h composite?
False
Suppose -5*t + 16 = -3*d, -4*t + 17 = d - 2*d. Suppose -o + 6*v = v, t*v = -2*o + 15. Suppose o*r - 113 - 182 = 0. Is r composite?
False
Suppose -3*m + 30 = 2*h, 2*h + 4*m + 30 = 4*h. Let s(d) = 48*d + 23. Is s(h) prime?
True
Suppose 0 = -7*c + 12*c - 40. Suppose -c*i + 100 = 2*i. Is i a prime number?
False
Let q(s) = -s**3 - 4*s**2 + 16*s - 10. Let i be q(-8). Suppose -5*f - 2*y = -509, -2*f + 4*y + i + 100 = 0. Is f prime?
True
Let r = 7 - 2. Let z(h) = 3*h - 12. Let w be z(r). Suppose y = 6*y - f - 2486, -w*y + 3*f + 1494 = 0. Is y composite?
True
Is 3893054/11 + -1 - -4 composite?
False
Let o = -173 + 315. Let g = -99 + o. Suppose -4*c + g = -329. Is c a composite number?
True
Let d(z) = 7*z**2 + z + 35. Is d(6) prime?
True
Let k be 8 - (-2)/(4 - 2). Suppose k*n - 10*n = -633. Is n prime?
False
Let n be (1/2)/(4/72). Let t(f) = -f**3 + 8*f**2 + 9*f - 3. Let i be t(n). Is -3 - i - 746/(-2) prime?
True
Is (11711/147)/(2/6) composite?
False
Let a(o) = 12*o**2 - 9*o + 5. Let z be a(9). Suppose 2*f + z = 4*h, 3*h - 4*f = -h + 888. Suppose 0*s - 2*s = -h. Is s a composite number?
False
Suppose 7*u - 5*u = -294. Let g = -88 - u. Is g a prime number?
True
Suppose 0 = -o - 4*i + 9*i + 13912, -6*i = -3*o + 41763. Is o composite?
True
Suppose -786*v = -772*v - 13510. Is v prime?
False
Let u = -5 - -1. Let y be -2 - 72*(-122)/u. Let p = -1345 - y. Is p composite?
False
Let b(z) = 190*z + 10. Let o be b(15). Suppose -3*l = 5*a - o, 2*a + 605 = l - 352. Is l composite?
True
Suppose -3*o + 25 = 2*n - 2, 3*o - 15 = 2*n. Let u(h) = 18*h**2 + 12*h + 8. Is u(o) a prime number?
False
Suppose 4*w + 4*f - 4672 = 0, 3*w - 5*f - 3464 = -0*f. Is w a composite number?
False
Suppose -2*c + 4 = -4*n, 0*n = -c - n - 13. Let r be 2*12/c + 861. Suppose 4*i - 2*j + 0*j - r = 0, 5*i - 5*j = 1060. Is i prime?
False
Suppose 3*n - 1 + 10 = 0. Is (-191)/((-2 - -4) + n) prime?
True
Suppose 4*a = d + 20879, -10085 = -3*a + 2*d + 5578. Is a a prime number?
False
Suppose 5*s + 5*x - 65 = 0, 4*s - 62 = -0*s + x. Suppose -8*a + a = 29225. Is ((-6)/s)/(5/a) prime?
False
Let j be -10 + 79 - (-2 + 0). Let x = 245 - j. Suppose s - 3*s = 5*f - 323, s + 5*f - x = 0. Is s a prime number?
True
Suppose 31*g - 23*g = 1784. Is g a composite number?
False
Let h(i) = 5*i**2 + 20*i - 91. Is h(11) a composite number?
True
Let m = 26 + -18. Let c = -6 + m. Suppose -c*i + 1354 = -28. Is i prime?
True
Let y = 9 + -6. Is 3 + y + -2 - -117 a composite number?
True
Suppose 0 = -3*v + 10 + 8. Suppose 231 = 3*s - v*s. Let f = -40 - s. Is f composite?
False
Is (-3 + -6 - -10)*171946/2 a prime number?
False
Suppose -5*u - 979 = -4*a, 0 = -6*a + 3*a + 3*u + 738. Is a a composite number?
False
Let u(j) = 579*j**3 - j**2 - 2*j - 1. Let o be u(-1). Let i = -217 - o. Is i prime?
False
Let p be (-42)/(-1)*3/(-1). Let f be ((-6)/(-7))/((-27)/p). Suppose 0 = 5*t - f*m - 1447, 5*m + 0 = -15. Is t prime?
False
Let x = 389 + -833. Let u = -207 - x. Is u prime?
False
Let c be (-3)/12 + (-6)/8. Let r(g) = -3*g**2 + g + 4. Let i be r(-6). Is (i/4)/(c/2) a prime number?
False
Suppose -2*q + 2471 = 5*q. Suppose -5*j = -4048 + q. Is j prime?
True
Let w = -53 - -48. Is (-298)/w + 6/(-10) prime?
True
Let o(k) = 6*k**3 - 16*k**2 + 12*k + 37. Let d be o(11). Let z = -3002 + d. Is z a composite number?
False
Let g = -37 + 27. Is (g/(-6))/(3/1341) prime?
False
Suppose 9*p - 4308 + 11571 = 0. Let q = p + 3050. Is q prime?
True
Suppose -c = -2*c. Suppose c = 4*i + 559 - 1619. Is i prime?
False
Is (-9)/(315/31402)*10/(-4) a composite number?
False
Suppose -617 + 225 = -7*z. Suppose 5*y + 81 = -3*a + 229, -a - 5*y = -z. Is a a prime number?
False
Let r = -111 + 120. Suppose 4*s - 5*v = 4619, r = -v - 2*v. Is s a composite number?
False
Let i be 96/18 + (-3)/9. Suppose 0 = i*y - 0*y. Suppose 485 = 3*d + 4*n, y*n - 5*n + 481 = 3*d. Is d composite?
False
Is 61752/40 - 2 - (-6)/5 a composite number?
False
Suppose 3*k - 4 = -2*h, -h - 2*h + 3*k - 9 = 0. Let r(z) = z**2 - 2*z - 1. Let c be r(h). Suppose 740 = 3*f - f + 2*b, 0 = -5*f + c*b + 1857. Is f prime?
False
Let j(g) = 499*g - 490. Is j(17) a composite number?
False
Is (-100342)/33*(-18)/8*2 composite?
True
Let p(i) = -3*i**3 + 5*i**2 - 23*i + 86. Is p(-17) a composite number?
False
Let y be -4 - (-1 - 30/2). Let b(g) = -64*g**3 + 4*g - y*g**3 - 3*g + 2. Is b(-1) prime?
False
Let r be 61/3*(1 - 31). Let a = 330 + r. Let v = a - -1335. Is v a prime number?
False
Suppose -r + 0*r + 4*t = 472, 0 = -2*r + 4*t - 944. Let n = r - -923. Is n a composite number?
True
Let g = -3778 + 10261. Is g prime?
False
Let v(i) = -112*i**3 - i**2 + 4*i + 7. Let g be v(-4). Suppose -3*n = 1026 - g. Is n a prime number?
True
Suppose 4*n - 4*c = 4, 2*n + c + 0 = -1. Suppose -28*m + 32*m - 13628 = n. Is m a composite number?
False
Let w = -39 - -42. Suppose -m + w*k = -112, 4*m - 493 = -k + 4*k. Is m a prime number?
True
Let a = 3119 - 5589. Let w = 4091 + a. Is w a prime number?
True
Let b(t) = 2690*t - 36. Is b(1) prime?
False
Let m be -6*8/(-240) - 28/(-10). Is (-5)/(-60)*m*8212 composite?
False
Suppose -5*k + 19876 = 3*s, -9*k + 10*k = 5*s + 3992. Is k a composite number?
True
Let q(w) = -w - 1. Let n be q(4). Let l(t) = -237*t + 8. Is l(n) prime?
True
Suppose -3*c - w = -10, -2*w + 6*w + 5 = 3*c. Suppose -3*t + 150 = -2*k - 59, -207 = -3*t + c*k. Is t prime?
True
Let t = 13 - 7. Let w(l) = 6*l**2 - 4*l + 11. Is w(t) prime?
False
Let r(s) = 171*s**2 + 4. Is r(7) composite?
True
Suppose 4*n - v - 3912 = -2*v, 1938 = 2*n - 4*v. Is n prime?
True
Let a = 104354 + -58305. Is a a composite number?
False
Suppose 4*p - 112373 = 3*n, -4*p - n = -3*n - 112378. Is p a prime number?
True
Let i(v) = 125*v**2 + 4. Let l be i(3). Suppose 3*f + 4*c - l = 0, 381 = f - 0*f - c. Is f prime?
True
Let p(a) = 2*a - 6. Let y be p(4). Let i(k) = 5*k**3 - 4*k**2 - 39*k**3 + y*k - 5*k. Is i(-2) prime?
False
Let z(s) = 239*s - 13. Let k be z(8). Suppose k = 9*a - 6*a. Is a prime?
False
Suppose 5*l = -2*j + 209455, 0 = -3*j + 171 - 156. Is l prime?
False
Suppose -2*u + 3*z + 8606 = 6*z, 0 = 2*u - 4*z - 8592. Suppose 5*r - u = 880. Is 1/((-1)/r*-4) composite?
True
Let b(i) = i**3 - 6*i**2 + i - 4. Let m be b(6). Suppose -m*f = 2*f. Suppose -s = -f*s - 3*n - 404, 4*s - 1602 = -2*n. Is s a composite number?
False
Let a(z) = 638*z - 71. Is a(11) a composite number?
False
Let o(t) = 3*t**3 - 206*t**2 - 71*t - 9. Is o(70) prime?
True
Let z(y) = 3*y - 35. Let n be z(11). Let m(u) = -105*u + 1. Is m(n) composite?
False
Let m(h) = 13*h**2 + 22*h - 864. Is m(37) composite?
False
Is (-7)/((-21)/(-5))*-2463 prime?
False
Let q be 3 + 244/2 - -2. Suppose 0 = 3*f + 9, -f - 3*f + q = w. Is -8 + w + 0/1 a composite number?
False
Suppose 7*x + 6*x = 16*x. Suppose x = -h - 5*d + 749, 4*d = 5 + 3. Is h composite?
False
Suppose 5*r - 2*m = 45323 - 710, r = m + 8922. Is r prime?
True
Suppose 18*x - 20*x - 8 